Let u be d(4). Suppose 17 = m + 4*c, 0 = -m + c + 4*c - 10. What is the remainder when -14*1*(u + -10) is divided by m?
4
Let n = 6 + 0. Suppose -j = 3*p - 5, -2*j - 5*p + 0 = -9. Suppose 0 = j*f - 5*g - 29, -59 + 159 = 4*f + 4*g. What is the remainder when f is divided by n?
4
Suppose 187 = -5*p + 787. Suppose 3*o + 12 = p. Suppose 2*x = 0, 2*t - o = x + 4*x. Calculate the remainder when 69 is divided by t.
15
Suppose 2*v + 4*x = 24, 9*x - 4*x = 5*v + 15. What is the remainder when 70 is divided by v?
0
Let o(a) = 5*a**3 + 2*a**2 - a + 1. Suppose -3*l = -3*p + 60, 2*p = -l - 32 - 3. What is the remainder when o(2) is divided by 9 - 5*(-5)/l?
7
Let l(d) = 24*d**2 - d. Suppose -3*f - 3 = 51. Let u = f - -17. What is the remainder when 72 is divided by l(u)?
22
Suppose 3*v - 6 = 0, -3*v - 15 = 3*x - 75. Calculate the remainder when 42 is divided by x.
6
Let p(h) = 7*h**2 - 476*h + 28. Let d = 10 + 42. Calculate the remainder when d is divided by p(68).
24
Let y = -35 + 112. What is the remainder when y is divided by -1 + 2 - (2 + -21)?
17
Suppose -3*l + 3 + 48 = 0. Let q = 37 - l. What is the remainder when q is divided by 11?
9
Suppose -2*z = o - 57, 0 = 4*z - 35*o + 40*o - 111. Let p be (-1 + 0)/((-2)/4). Calculate the remainder when 22/((-12)/(-5) - p) is divided by z.
26
Suppose -3*u + 61 + 50 = 4*h, -144 = -4*u - 4*h. Let d(t) = -t**2 - 8*t + 15. Let n be d(6). Let s = -60 - n. Calculate the remainder when u is divided by s.
6
Let d(u) = 73*u + 113. What is the remainder when d(1) is divided by 19?
15
Let k(t) = t**3 + 21*t**2 + 22*t - 21. Calculate the remainder when k(-19) is divided by 72.
67
Let y(n) = 8*n - 6. Let v = 9 + -9. Suppose 6*f - 8*f + 152 = v. Calculate the remainder when f is divided by y(4).
24
Let i(a) be the third derivative of -7*a**4/24 - a**3/6 - 8*a**2. Let y be i(-3). Let f = y + -4. What is the remainder when f is divided by 6?
4
Let g(v) = -v**2 - 9*v - 7. Let m = -69 + 37. Let l = -28 - m. Calculate the remainder when g(-7) is divided by l.
3
Suppose -5*o = -13*o. Suppose 129 = 3*l - 2*k - 109, o = -l - 3*k + 83. Calculate the remainder when l is divided by 27.
26
Let r(o) = -o**2 - 2*o - 1. Let q be r(-1). Suppose q = -2*z - 23 + 115. What is the remainder when z is divided by 16?
14
Let g = -11 - -4. Let m be 3/(-21) + (-946)/g. Suppose 2*q + 3*q - m = 0. Calculate the remainder when q is divided by 14.
13
Suppose o - 3996 = -26*o. Calculate the remainder when o is divided by 25.
23
Let p = -1995 + 2003. Let j(r) = -7*r - 3. Calculate the remainder when j(-2) is divided by p.
3
Suppose 3*s = -u + 40 + 10, 2*u - 49 = -3*s. Let y = s - 8. Let g = 106 + -71. What is the remainder when g is divided by y?
8
Let b(p) = p**3 - 17*p**2 - 16*p - 26. Let l be b(18). Suppose 0 = -5*n + 7*n - l. Calculate the remainder when n is divided by 3.
2
Let g = -84 + 90. Suppose 7 = b - 2*m, 3*b = -4*m + 16 - 5. What is the remainder when g is divided by b?
1
Let g(y) = 7*y - 12. Let d be g(7). Suppose 32*f + 320 = d*f. Calculate the remainder when f is divided by 13.
12
Calculate the remainder when 1750/(-4)*120/(-100) is divided by 24.
21
Let x be 23 - 9 - (-4)/(-1). Calculate the remainder when 91 is divided by 2*x - (13 + -16).
22
Suppose -f + 1 = 4*d + 5, f + 4 = 3*d. Calculate the remainder when d - 142/(-4) - 34/(-68) is divided by 13.
10
Suppose -7*x + 40 = -3*x. Let m(g) = g**2 + 12*g + 32. What is the remainder when m(-16) is divided by x?
6
Let l = 115 + -72. What is the remainder when l is divided by 23?
20
Let h = 52 + -48. Suppose 8*n - 3*n = 10. Let y = h - n. Calculate the remainder when y is divided by 1.
0
Let f = 15 - -168. Suppose -5*w = 4*k - f, 4*w = -2*k - 38 + 188. Let z = 30 + -16. Calculate the remainder when w is divided by z.
11
Let k = -30 - -78. Let n(w) = 6*w**2 - 3*w - 3. Let l be n(3). What is the remainder when k is divided by (-7)/l - (-109)/6?
12
Let l(g) = g**3 + 11*g**2 + 10*g + 19. What is the remainder when 339 is divided by l(-10)?
16
Let f(r) = -r**3 + r**2 + 2*r. Let n be f(0). What is the remainder when 69 is divided by (8 - n) + 0 + 2?
9
Suppose -16 + 4 = -3*p. Suppose 5*l - 173 = -3*g, -l = -p*l + 3*g + 99. What is the remainder when 65 is divided by l?
31
Suppose s - 42 = 19. Suppose 12*y - 35 = s. Let x = 40 - 17. What is the remainder when x is divided by y?
7
Suppose 2*h + 4*z - 60 = -0*z, 0 = -3*h + 5*z + 79. Let q(o) = o**3 - 10*o**2 - 16*o + 8. What is the remainder when q(12) is divided by h?
20
Let p = -4 - -8. Suppose -3*m = t + 7, -m - p = -4*t + 20. Suppose 2*v = -3 + 31. Calculate the remainder when v is divided by t.
4
Let d = 53 + -42. Let x(o) = -2*o**2 - 7*o - 4. Let w be x(-4). Let s = w + 11. Calculate the remainder when d is divided by s.
2
Let q = 59 + -214. Let a = -102 - q. What is the remainder when 2 + 0 + a + 0 is divided by 14?
13
Suppose -5*o = -3*b + 181, 4*b + 0*b + 62 = -2*o. Calculate the remainder when 646/10 + 21/o is divided by 10.
4
Suppose -420 = -5*x - 5*q, 0 = 2*x - 4*x - 3*q + 170. Calculate the remainder when 206 is divided by x.
42
Suppose p + 13 = 7. What is the remainder when 27 is divided by ((-198)/(-88))/(p/(-8))?
0
Suppose -5*b = -4*t + 1408, 7*t - 5*t + 3*b = 682. Calculate the remainder when t is divided by 118.
111
Let d(w) = -3*w**2 + 35*w + 15. What is the remainder when d(9) is divided by 22?
21
What is the remainder when (-14)/(-2) - (-59 - 188) is divided by 66?
56
Let u(y) = 2*y**3 - 25*y**2 + 15*y - 22. Let z be u(12). Let a(k) = 4*k - 34. Calculate the remainder when 63 is divided by a(z).
19
Let g(d) = d**2 - 4*d + 9. Let c be g(6). Let z = c - 18. Suppose 0 = -z*n - 5 + 128. What is the remainder when n is divided by 14?
13
Suppose -4*v + 3*l + 447 = 0, 3*v - 3*l + 14 - 347 = 0. What is the remainder when 568 is divided by v?
112
Suppose a - 110 = -4*a. Suppose 0 = k - 28*h + 26*h - 86, -5*h = 3*k - 247. Calculate the remainder when k is divided by a.
18
Suppose -2*x - 1029 = -23*x. Calculate the remainder when x is divided by 12.
1
What is the remainder when 269 is divided by 3/(-3)*(-2275)/35?
9
Suppose 0*l + t = -3*l + 631, 3*l - 2*t = 646. Suppose 4*q - 5*k = -0*k + l, -3*k + 128 = 2*q. What is the remainder when q is divided by 6?
4
Suppose 3*b + 5 = 35. What is the remainder when (5*1)/((-13)/(-65)) is divided by b?
5
Let r be -1*(-31)/1 - 1. Suppose 0 = 3*t + 2*t - r. Suppose 3*d + 0 = 4*q + 52, -3*q = 5*d - 77. Calculate the remainder when d is divided by t.
4
Let i(u) = -u**3 - 12*u**2 + 26*u + 19. What is the remainder when i(-14) is divided by 17?
13
Let w = -202 + 92. What is the remainder when (-26)/4*w/11 is divided by 33?
32
Suppose 271 = 17*l + 50. Suppose -w = l - 77. Calculate the remainder when w is divided by 17.
13
Let y(k) = -k**2 - 17*k - 6. Let j be (-190)/12 + (-19)/114. Calculate the remainder when 19 is divided by y(j).
9
Suppose 2*x + 0*x - 4 = 0. Suppose 2 = j - x*f - 8, -16 = -j + 5*f. Let a = j + 7. What is the remainder when 36 is divided by a?
10
Let v(r) = 2*r**2 - 4*r - 1. Suppose 4*s - 56 = -4*z, 2*z = 3*z + 5*s + 6. Calculate the remainder when v(7) is divided by z.
12
Let m(d) = 5*d**2 - 38*d - 231. Calculate the remainder when m(-7) is divided by 6.
4
Suppose -3*y = -55 + 16. Suppose -2*v + v = -y. Suppose 4*g = -5*t + 40, 2*g + t = -2*t + 22. Calculate the remainder when v is divided by g.
3
Suppose -4*y + 3 = -69. Calculate the remainder when 71 is divided by y.
17
Calculate the remainder when 71 is divided by (6/(-4))/(-1*5/70).
8
Let y(a) = 2*a - 2. Let n be (-25)/(9/6*4/(-12)). Let h = -22 + n. What is the remainder when h is divided by y(6)?
8
Let l be 1 + 0/4 - -79. Let u(r) = r**3 + 7*r**2 - 2*r. What is the remainder when 12*(l/(-12))/(-2) is divided by u(-7)?
12
Suppose 3*m + 5*q - 5 = 0, 4*m + q + 22 = 6. Let n(t) = t**2. Calculate the remainder when 72 is divided by n(m).
22
Let k(w) = -6*w + 21. Let q be k(4). Let x = 46 - q. Calculate the remainder when 96 is divided by x.
47
Let n be 4/(-6) + (-145)/(-15). Suppose -3*m - n = 0, 17 = -2*i + i - 5*m. Calculate the remainder when 35 is divided by (-12)/8*(i + -4).
8
Calculate the remainder when 87 is divided by (113 - 135)*(-1 + 1 + -1).
21
Let l(a) = -22*a - 2. Let s be l(7). Calculate the remainder when s/(-10) + (-6)/(